ors of 2427.
3, 809
What are the prime factors of 651?
3, 7, 31
What are the prime factors of 2274?
2, 3, 379
List the prime factors of 33245.
5, 61, 109
What are the prime factors of 999?
3, 37
What are the prime factors of 39854?
2, 19927
List the prime factors of 1110.
2, 3, 5, 37
What are the prime factors of 407?
11, 37
List the prime factors of 1113.
3, 7, 53
What are the prime factors of 157?
157
What are the prime factors of 2508?
2, 3, 11, 19
List the prime factors of 88636.
2, 22159
List the prime factors of 1126.
2, 563
What are the prime factors of 7107?
3, 23, 103
List the prime factors of 1365.
3, 5, 7, 13
What are the prime factors of 321?
3, 107
List the prime factors of 1132.
2, 283
List the prime factors of 45834.
2, 3, 7639
List the prime factors of 2701.
37, 73
List the prime factors of 8094.
2, 3, 19, 71
List the prime factors of 5068.
2, 7, 181
What are the prime factors of 580?
2, 5, 29
What are the prime factors of 1753?
1753
What are the prime factors of 1190?
2, 5, 7, 17
What are the prime factors of 19804?
2, 4951
List the prime factors of 2200.
2, 5, 11
What are the prime factors of 8696?
2, 1087
What are the prime factors of 884?
2, 13, 17
What are the prime factors of 19901?
7, 2843
What are the prime factors of 178596?
2, 3, 11, 41
What are the prime factors of 245?
5, 7
What are the prime factors of 7515?
3, 5, 167
List the prime factors of 843.
3, 281
List the prime factors of 108269.
7, 15467
List the prime factors of 13346.
2, 6673
What are the prime factors of 21356?
2, 19, 281
List the prime factors of 39265.
5, 7853
List the prime factors of 622.
2, 311
List the prime factors of 55232.
2, 863
What are the prime factors of 899?
29, 31
List the prime factors of 18912.
2, 3, 197
What are the prime factors of 830?
2, 5, 83
What are the prime factors of 270?
2, 3, 5
What are the prime factors of 24961?
109, 229
What are the prime factors of 5933?
17, 349
List the prime factors of 1114.
2, 557
What are the prime factors of 10577?
7, 1511
List the prime factors of 999.
3, 37
List the prime factors of 1317.
3, 439
List the prime factors of 8138.
2, 13, 313
List the prime factors of 1003.
17, 59
List the prime factors of 973.
7, 139
List the prime factors of 91024.
2, 5689
List the prime factors of 2955.
3, 5, 197
What are the prime factors of 48055?
5, 7, 1373
What are the prime factors of 268?
2, 67
What are the prime factors of 7014?
2, 3, 7, 167
What are the prime factors of 1976?
2, 13, 19
What are the prime factors of 19581?
3, 61, 107
List the prime factors of 110739.
3, 36913
What are the prime factors of 41443?
41443
List the prime factors of 130557.
3, 7, 6217
List the prime factors of 84.
2, 3, 7
What are the prime factors of 23247?
3, 7, 41
List the prime factors of 6378.
2, 3, 1063
List the prime factors of 2121.
3, 7, 101
List the prime factors of 42584.
2, 5323
List the prime factors of 6555.
3, 5, 19, 23
List the prime factors of 261.
3, 29
What are the prime factors of 1527?
3, 509
List the prime factors of 1071.
3, 7, 17
List the prime factors of 42149.
113, 373
List the prime factors of 443.
443
List the prime factors of 1844.
2, 461
What are the prime factors of 16195?
5, 41, 79
List the prime factors of 4717.
53, 89
List the prime factors of 612.
2, 3, 17
List the prime factors of 15259.
15259
List the prime factors of 2330.
2, 5, 233
What are the prime factors of 2538?
2, 3, 47
What are the prime factors of 15603?
3, 7, 743
What are the prime factors of 4096?
2
What are the prime factors of 1116?
2, 3, 31
List the prime factors of 4959.
3, 19, 29
List the prime factors of 12011.
12011
What are the prime factors of 2747?
41, 67
List the prime factors of 17089.
23, 743
What are the prime factors of 1160?
2, 5, 29
List the prime factors of 2854.
2, 1427
What are the prime factors of 147817?
53, 2789
List the prime factors of 975.
3, 5, 13
List the prime factors of 147411.
3, 11, 1489
List the prime factors of 607.
607
What are the prime factors of 8382?
2, 3, 11, 127
What are the prime factors of 38840?
2, 5, 971
What are the prime factors of 3756?
2, 3, 313
What are the prime factors of 12237?
3, 4079
What are the prime factors of 2687?
2687
List the prime factors of 18029.
11, 149
List the prime factors of 51816.
2, 3, 17, 127
List the prime factors of 578.
2, 17
List the prime factors of 1816.
2, 227
What are the prime factors of 1280?
2, 5
List the prime factors of 1619.
1619
List the prime factors of 65767.
13, 5059
What are the prime factors of 23860?
2, 5, 1193
What are the prime factors of 519?
3, 173
What are the prime factors of 12329?
12329
What are the prime factors of 25137?
3, 7, 19
What are the prime factors of 26028?
2, 3, 241
What are the prime factors of 126344?
2, 17, 929
List the prime factors of 61375.
5, 491
What are the prime factors of 773?
773
What are the prime factors of 3149?
47, 67
What are the prime factors of 23713?
23, 1031
List the prime factors of 17483.
17483
What are the prime factors of 95123?
7, 107, 127
List the prime factors of 1878.
2, 3, 313
List the prime factors of 13134.
2, 3, 11, 199
What are the prime factors of 1364?
2, 11, 31
What are the prime factors of 5463?
3, 607
What are the prime factors of 25944?
2, 3, 23, 47
What are the prime factors of 12130?
2, 5, 1213
What are the prime factors of 3513?
3, 1171
List the prime factors of 1773.
3, 197
List the prime factors of 1376.
2, 43
List the prime factors of 286.
2, 11, 13
List the prime factors of 290.
2, 5, 29
What are the prime factors of 703?
19, 37
List the prime factors of 11094.
2, 3, 43
What are the prime factors of 345?
3, 5, 23
What are the prime factors of 65522?
2, 181
What are the prime factors of 1001?
7, 11, 13
List the prime factors of 32802.
2, 3, 7, 11, 71
List the prime factors of 22843.
53, 431
List the prime factors of 36398.
2, 18199
List the prime factors of 1437.
3, 479
What are the prime factors of 42203?
7, 6029
List the prime factors of 8214.
2, 3, 37
What are the prime factors of 13113?
3, 31, 47
List the prime factors of 3238.
2, 1619
List the prime factors of 100841.
13, 7757
List the prime factors of 13817.
41, 337
List the prime factors of 7477.
7477
List the prime factors of 8059.
8059
List the prime factors of 745.
5, 149
What are the prime factors of 89676?
2, 3, 47, 53
What are the prime factors of 26537?
7, 17, 223
List the prime factors of 311.
311
What are the prime factors of 1156?
2, 17
List the prime factors of 827.
827
List the prime factors of 16185.
3, 5, 13, 83
What are the prime factors of 8853?
3, 13, 227
List the prime factors of 6216.
2, 3, 7, 37
What are the prime factors of 3137?
3137
List the prime factors of 20592.
2, 3, 11, 13
What are the prime factors of 53334?
2, 3, 2963
What are the prime factors of 2375?
5, 19
List the prime factors of 670.
2, 5, 67
List the prime factors of 48307.
7, 67, 103
List the prime factors of 3382.
2, 19, 89
List the prime factors of 16357.
11, 1487
List the prime factors of 979.
11, 89
List the prime factors of 17908.
2, 11, 37
List the prime factors of 1103.
1103
List the prime factors of 14841.
3, 17, 97
What are the prime factors of 56354?
2, 19, 1483
List the prime factors of 150255.
3, 5, 7, 53
List the prime factors of 956.
2, 239
List the prime factors of 14360.
2, 5, 359
What are the prime factors of 2210?
2, 5, 13, 17
List the prime factors of 16525.
5, 661
List the prime factors of 4201.
4201
List the prime factors of 12914.
2, 11, 587
List the prime factors of 13378.
2, 6689
List the prime factors of 1821.
3, 607
What are the prime factors of 75336?
2, 3, 43, 73
List the prime factors of 507.
3, 13
What are the prime factors of 75577?
75577
What are the prime factors of 460?
2, 5, 23
What are the prime factors of 53381?
53381
What are the prime factors of 15319?
15319
List the prime factors of 28458.
2, 3, 17, 31
List the prime factors of 1242.
2, 3, 23
What are the prime factors of 5937?
3, 1979
List the prime factors of 5380.
2, 5, 269
List the prime factors of 282.
2, 3, 47
List the prime factors of 41728.
2, 163
List the prime factors of 46696.
2, 13, 449
What are the prime factors of 365?
5, 73
What are the prime factors of 19958?
2, 17, 587
List the prime factors of 5648.
2, 353
What are the